{"id":1028,"date":"2015-10-15T16:52:56","date_gmt":"2015-10-15T15:52:56","guid":{"rendered":"https:\/\/www.ac-am.fr\/?page_id=1028"},"modified":"2020-02-12T22:19:41","modified_gmt":"2020-02-12T21:19:41","slug":"le-web-des-radios","status":"publish","type":"page","link":"https:\/\/www.ac-am.fr\/index.php\/le-web-des-radios\/","title":{"rendered":"Le Web des Radios."},"content":{"rendered":"<table class=\"aligncenter\" style=\"width: 600px;\" border=\"0\">\n<tbody>\n<tr>\n<td>\n<table class=\"aligncenter\" style=\"width: 567px; height: 190px;\" border=\"0\">\n<tbody>\n<tr>\n<td><img decoding=\"async\" class=\"aligncenter\" src=\"http:\/\/www.ac-am.fr\/wp-content\/uploads\/2015\/09\/barre_mr.gif\" alt=\"\" border=\"0\" \/><\/td>\n<\/tr>\n<tr>\n<td class=\"gmoyen\" style=\"text-align: center;\"><b><i><a name=\"Arts\"><\/a><span class=\"ntitre1\">Le Web des Radios.<\/span><\/i><\/b><\/td>\n<\/tr>\n<tr>\n<td colspan=\"2\"><img decoding=\"async\" class=\"aligncenter\" src=\"http:\/\/www.ac-am.fr\/wp-content\/uploads\/2015\/09\/barre_mr.gif\" alt=\"\" border=\"0\" \/><\/td>\n<\/tr>\n<\/tbody>\n<\/table>\n<table class=\"aligncenter\" style=\"width: 580px; border: 3px; border-color: #000000; border-style: solid ridge;\">\n<tbody>\n<tr>\n<td colspan=\"3\" bgcolor=\"#7a7d94\"><\/td>\n<\/tr>\n<tr>\n<td><a name=\"chrystal_energie\"><\/a><span class=\"nnormal\">Radio Fr\u00e9quence \u00c9vasion.<\/span><\/td>\n<td class=\"gpetit\">\n<ul>\n<li>Fr\u00e9quence \u00c9vasion : Une radio me direz-vous, oui ! mais, sp\u00e9cialis\u00e9e dans la parapsychologie et l&rsquo;ufologie depuis de nombreuses ann\u00e9es. \u00c0 ce titre vous pourrez retrouver sur leur site : une liste des associations, une bibliographie, un calendrier, un programme audio et un forum consacr\u00e9s \u00e0 ce th\u00e8me. Alors, \u00e0 vos casques&#8230;<\/li>\n<\/ul>\n<\/td>\n<\/tr>\n<tr>\n<td style=\"text-align: center;\" colspan=\"2\"><a target=\"_blank\" rel=\"noopener noreferrer\"><img loading=\"lazy\" decoding=\"async\" class=\"aligncenter\" src=\"http:\/\/www.ac-am.fr\/wp-content\/uploads\/2015\/10\/radio_ev.jpg\" alt=\"\" width=\"300\" height=\"80\" border=\"0\" \/><\/a><\/td>\n<\/tr>\n<\/tbody>\n<\/table>\n<table class=\"aligncenter\" style=\"width: 580px; border: 3px; border-color: #000000; border-style: solid ridge;\">\n<tbody>\n<tr>\n<td colspan=\"3\" bgcolor=\"#7a7d84\"><\/td>\n<\/tr>\n<tr>\n<td><a name=\"Radio_Arcadie\"><\/a><span class=\"nnormal\">Radio Arcadie.<\/span><\/td>\n<td class=\"gpetit\">\n<ul>\n<li>\u00ab\u00a0Radio Arcadie vous propose de d\u00e9couvrir l\u2019univers de la Magie, de la Fantaisie, de l\u2019Imaginaire, de la F\u00e9erie, du Fantastique et des Myst\u00e8res, avec une programmation musicale Zen, Wiccane et Pa\u00efenne !<br \/>\nArcadie est destin\u00e9e \u00e0 tous ceux et celles qui ont dans le c\u0153ur une \u00e2me de sorcier ou de sorci\u00e8re, m\u00e8re nature comme temple spirituel, ainsi que la connaissance et la sagesse pour guider leurs pas.<br \/>\nL&rsquo;univers magique des sorciers et des sorci\u00e8res poss\u00e8de enfin sa radio !\u00a0\u00bb<\/li>\n<\/ul>\n<\/td>\n<\/tr>\n<tr>\n<td style=\"text-align: center;\" colspan=\"2\"><a href=\"http:\/\/www.radioarcadie.fr\/\" target=\"_blank\" rel=\"noopener noreferrer\"><img loading=\"lazy\" decoding=\"async\" class=\"aligncenter\" src=\"http:\/\/www.ac-am.fr\/wp-content\/uploads\/2016\/12\/Radio_Arcadie.jpg\" alt=\"\" width=\"480\" height=\"68\" border=\"0\" \/><\/a><\/td>\n<\/tr>\n<\/tbody>\n<\/table>\n<table class=\"aligncenter\" style=\"width: 580px; border: 3px; border-color: #000000; border-style: solid ridge;\">\n<tbody>\n<tr>\n<td colspan=\"3\" bgcolor=\"#7a7d74\"><\/td>\n<\/tr>\n<tr>\n<td><a name=\"Radio_Arcadie\"><\/a><span class=\"nnormal\">Orts Music Radio.<\/span><\/td>\n<td class=\"gpetit\">\n<ul>\n<li>Webradio de R\u00e9mi Projet Orts, Producteur, Compositeur et ing\u00e9nieur du son. S&rsquo;il vous pla\u00eet, consultez mon site web : <a href=\"http:\/\/www.remiorts.com\/fr\/\" target=\"_blank\" rel=\"noopener noreferrer\">www.remiorts.com<\/a>.<\/li>\n<li>Si vous avez envie d&rsquo;\u00e9couter une radio relaxante avec de belles voix, allez faire un petit tour sur ma webradio, vous y d\u00e9couvrirez de temps en temps mes propres productions. Bonne \u00e9coute&#8230; R\u00e9mi&#8230;<\/li>\n<\/ul>\n<\/td>\n<\/tr>\n<tr>\n<td style=\"text-align: center;\" colspan=\"2\"><a href=\"http:\/\/orts.softradio.fr\/\" target=\"_blank\" rel=\"noopener noreferrer\"><img loading=\"lazy\" decoding=\"async\" class=\"aligncenter\" src=\"http:\/\/www.ac-am.fr\/wp-content\/uploads\/2016\/07\/orts_softradio.jpg\" alt=\"\" width=\"520\" height=\"162\" border=\"0\" \/><\/a><\/td>\n<\/tr>\n<\/tbody>\n<\/table>\n<table class=\"aligncenter\" style=\"width: 567px;\" border=\"0\">\n<tbody>\n<tr>\n<td colspan=\"3\"><img loading=\"lazy\" decoding=\"async\" src=\"http:\/\/www.ac-am.fr\/wp-content\/uploads\/2015\/09\/barre_mr.gif\" alt=\"\" width=\"550\" height=\"7\" align=\"middle\" border=\"0\" vspace=\"10\" \/><\/td>\n<\/tr>\n<tr>\n<td colspan=\"3\"><span class=\"nnormal\"><a href=\"contact.php\" target=\"_self\" rel=\"noopener noreferrer\"><img decoding=\"async\" src=\"http:\/\/www.ac-am.fr\/wp-content\/uploads\/2015\/09\/email.gif\" alt=\"\" align=\"left\" border=\"0\" hspace=\"5\" \/><\/a>Messages et \u00c9crits&#8230; [\u00c0 vos claviers]<\/span><\/td>\n<\/tr>\n<tr>\n<td colspan=\"3\" align=\"center\">\n<table style=\"background-attachment: fixed; border: 2px solid #000000; border-radius: 10px; opacity: 0.90;\">\n<tbody>\n<tr>\n<td><a href=\"http:\/\/www.ac-am.fr\/\" target=\"_top\" rel=\"noopener noreferrer\"><img decoding=\"async\" src=\"http:\/\/www.ac-am.fr\/wp-content\/uploads\/2015\/09\/accueil.jpg\" alt=\"\" align=\"middle\" border=\"0\" \/><\/a><\/td>\n<\/tr>\n<\/tbody>\n<\/table>\n<\/td>\n<\/tr>\n<tr>\n<td colspan=\"3\"><img loading=\"lazy\" decoding=\"async\" src=\"http:\/\/www.ac-am.fr\/wp-content\/uploads\/2015\/09\/barre_mr.gif\" alt=\"\" width=\"550\" height=\"7\" align=\"middle\" border=\"0\" vspace=\"10\" \/><\/td>\n<\/tr>\n<\/tbody>\n<\/table>\n<\/td>\n<\/tr>\n<\/tbody>\n<\/table>\n<div style=\"padding-bottom:20px; padding-top:10px;\" class=\"hupso-share-buttons\"><!-- Hupso Share Buttons - https:\/\/www.hupso.com\/share\/ --><a class=\"hupso_toolbar\" href=\"https:\/\/www.hupso.com\/share\/\"><img decoding=\"async\" src=\"https:\/\/static.hupso.com\/share\/buttons\/lang\/fr\/share.png\" style=\"border:0px; padding-top: 5px; float:left;\" alt=\"Share Button\"\/><\/a><script type=\"text\/javascript\">var hupso_services_t=new Array(\"Twitter\",\"Facebook\",\"Google Plus\");var hupso_background_t=\"#EAF4FF\";var hupso_border_t=\"#66CCFF\";var hupso_toolbar_size_t=\"big\";var hupso_image_folder_url = \"\";var hupso_url_t=\"\";var hupso_title_t=\"Le%20Web%20des%20Radios.\";<\/script><script type=\"text\/javascript\" src=\"https:\/\/static.hupso.com\/share\/js\/share_toolbar.js\"><\/script><!-- Hupso Share Buttons --><\/div>","protected":false},"excerpt":{"rendered":"<p>Le Web des Radios. Radio Fr\u00e9quence \u00c9vasion. Fr\u00e9quence \u00c9vasion : Une radio me direz-vous, oui&#8230;<\/p>\n","protected":false},"author":1,"featured_media":0,"parent":0,"menu_order":0,"comment_status":"closed","ping_status":"closed","template":"web.php","meta":{"footnotes":""},"class_list":["post-1028","page","type-page","status-publish","hentry"],"yoast_head":"<!-- This site is optimized with the Yoast SEO plugin v26.9 - https:\/\/yoast.com\/product\/yoast-seo-wordpress\/ -->\n<title>Le Web des Radios. - Autre Conscience, Autre Monde<\/title>\n<meta name=\"robots\" content=\"index, follow, max-snippet:-1, max-image-preview:large, max-video-preview:-1\" \/>\n<link rel=\"canonical\" href=\"https:\/\/www.ac-am.fr\/index.php\/le-web-des-radios\/\" \/>\n<meta property=\"og:locale\" content=\"fr_FR\" \/>\n<meta property=\"og:type\" content=\"article\" \/>\n<meta property=\"og:title\" content=\"Le Web des Radios. - Autre Conscience, Autre Monde\" \/>\n<meta property=\"og:description\" content=\"Le Web des Radios. Radio Fr\u00e9quence \u00c9vasion. Fr\u00e9quence \u00c9vasion : Une radio me direz-vous, oui...\" \/>\n<meta property=\"og:url\" content=\"https:\/\/www.ac-am.fr\/index.php\/le-web-des-radios\/\" \/>\n<meta property=\"og:site_name\" content=\"Autre Conscience, Autre Monde\" \/>\n<meta property=\"article:publisher\" content=\"https:\/\/fr-fr.facebook.com\/claude.acam\/\" \/>\n<meta property=\"article:modified_time\" content=\"2020-02-12T21:19:41+00:00\" \/>\n<meta property=\"og:image\" content=\"http:\/\/www.ac-am.fr\/wp-content\/uploads\/2015\/09\/barre_mr.gif\" \/>\n<meta name=\"twitter:card\" content=\"summary_large_image\" \/>\n<meta name=\"twitter:label1\" content=\"Dur\u00e9e de lecture estim\u00e9e\" \/>\n\t<meta name=\"twitter:data1\" content=\"1 minute\" \/>\n<script type=\"application\/ld+json\" class=\"yoast-schema-graph\">{\"@context\":\"https:\/\/schema.org\",\"@graph\":[{\"@type\":\"WebPage\",\"@id\":\"https:\/\/www.ac-am.fr\/index.php\/le-web-des-radios\/\",\"url\":\"https:\/\/www.ac-am.fr\/index.php\/le-web-des-radios\/\",\"name\":\"Le Web des Radios. - Autre Conscience, Autre Monde\",\"isPartOf\":{\"@id\":\"https:\/\/www.ac-am.fr\/#website\"},\"primaryImageOfPage\":{\"@id\":\"https:\/\/www.ac-am.fr\/index.php\/le-web-des-radios\/#primaryimage\"},\"image\":{\"@id\":\"https:\/\/www.ac-am.fr\/index.php\/le-web-des-radios\/#primaryimage\"},\"thumbnailUrl\":\"http:\/\/www.ac-am.fr\/wp-content\/uploads\/2015\/09\/barre_mr.gif\",\"datePublished\":\"2015-10-15T15:52:56+00:00\",\"dateModified\":\"2020-02-12T21:19:41+00:00\",\"breadcrumb\":{\"@id\":\"https:\/\/www.ac-am.fr\/index.php\/le-web-des-radios\/#breadcrumb\"},\"inLanguage\":\"fr-FR\",\"potentialAction\":[{\"@type\":\"ReadAction\",\"target\":[\"https:\/\/www.ac-am.fr\/index.php\/le-web-des-radios\/\"]}]},{\"@type\":\"ImageObject\",\"inLanguage\":\"fr-FR\",\"@id\":\"https:\/\/www.ac-am.fr\/index.php\/le-web-des-radios\/#primaryimage\",\"url\":\"https:\/\/www.ac-am.fr\/wp-content\/uploads\/2015\/09\/barre_mr.gif\",\"contentUrl\":\"https:\/\/www.ac-am.fr\/wp-content\/uploads\/2015\/09\/barre_mr.gif\",\"width\":550,\"height\":7,\"caption\":\"barre marron\"},{\"@type\":\"BreadcrumbList\",\"@id\":\"https:\/\/www.ac-am.fr\/index.php\/le-web-des-radios\/#breadcrumb\",\"itemListElement\":[{\"@type\":\"ListItem\",\"position\":1,\"name\":\"Accueil\",\"item\":\"https:\/\/www.ac-am.fr\/\"},{\"@type\":\"ListItem\",\"position\":2,\"name\":\"Le Web des Radios.\"}]},{\"@type\":\"WebSite\",\"@id\":\"https:\/\/www.ac-am.fr\/#website\",\"url\":\"https:\/\/www.ac-am.fr\/\",\"name\":\"Autre Conscience, Autre Monde\",\"description\":\"\",\"publisher\":{\"@id\":\"https:\/\/www.ac-am.fr\/#organization\"},\"potentialAction\":[{\"@type\":\"SearchAction\",\"target\":{\"@type\":\"EntryPoint\",\"urlTemplate\":\"https:\/\/www.ac-am.fr\/?s={search_term_string}\"},\"query-input\":{\"@type\":\"PropertyValueSpecification\",\"valueRequired\":true,\"valueName\":\"search_term_string\"}}],\"inLanguage\":\"fr-FR\"},{\"@type\":\"Organization\",\"@id\":\"https:\/\/www.ac-am.fr\/#organization\",\"name\":\"Autre Conscience, Autre Monde\",\"url\":\"https:\/\/www.ac-am.fr\/\",\"logo\":{\"@type\":\"ImageObject\",\"inLanguage\":\"fr-FR\",\"@id\":\"https:\/\/www.ac-am.fr\/#\/schema\/logo\/image\/\",\"url\":\"https:\/\/www.ac-am.fr\/wp-content\/uploads\/2015\/10\/bd_ac_am.gif\",\"contentUrl\":\"https:\/\/www.ac-am.fr\/wp-content\/uploads\/2015\/10\/bd_ac_am.gif\",\"width\":370,\"height\":65,\"caption\":\"Autre Conscience, Autre Monde\"},\"image\":{\"@id\":\"https:\/\/www.ac-am.fr\/#\/schema\/logo\/image\/\"},\"sameAs\":[\"https:\/\/fr-fr.facebook.com\/claude.acam\/\",\"https:\/\/www.youtube.com\/user\/consciencemonde\"]}]}<\/script>\n<!-- \/ Yoast SEO plugin. -->","yoast_head_json":{"title":"Le Web des Radios. - Autre Conscience, Autre Monde","robots":{"index":"index","follow":"follow","max-snippet":"max-snippet:-1","max-image-preview":"max-image-preview:large","max-video-preview":"max-video-preview:-1"},"canonical":"https:\/\/www.ac-am.fr\/index.php\/le-web-des-radios\/","og_locale":"fr_FR","og_type":"article","og_title":"Le Web des Radios. - Autre Conscience, Autre Monde","og_description":"Le Web des Radios. Radio Fr\u00e9quence \u00c9vasion. Fr\u00e9quence \u00c9vasion : Une radio me direz-vous, oui...","og_url":"https:\/\/www.ac-am.fr\/index.php\/le-web-des-radios\/","og_site_name":"Autre Conscience, Autre Monde","article_publisher":"https:\/\/fr-fr.facebook.com\/claude.acam\/","article_modified_time":"2020-02-12T21:19:41+00:00","og_image":[{"url":"http:\/\/www.ac-am.fr\/wp-content\/uploads\/2015\/09\/barre_mr.gif","type":"","width":"","height":""}],"twitter_card":"summary_large_image","twitter_misc":{"Dur\u00e9e de lecture estim\u00e9e":"1 minute"},"schema":{"@context":"https:\/\/schema.org","@graph":[{"@type":"WebPage","@id":"https:\/\/www.ac-am.fr\/index.php\/le-web-des-radios\/","url":"https:\/\/www.ac-am.fr\/index.php\/le-web-des-radios\/","name":"Le Web des Radios. - Autre Conscience, Autre Monde","isPartOf":{"@id":"https:\/\/www.ac-am.fr\/#website"},"primaryImageOfPage":{"@id":"https:\/\/www.ac-am.fr\/index.php\/le-web-des-radios\/#primaryimage"},"image":{"@id":"https:\/\/www.ac-am.fr\/index.php\/le-web-des-radios\/#primaryimage"},"thumbnailUrl":"http:\/\/www.ac-am.fr\/wp-content\/uploads\/2015\/09\/barre_mr.gif","datePublished":"2015-10-15T15:52:56+00:00","dateModified":"2020-02-12T21:19:41+00:00","breadcrumb":{"@id":"https:\/\/www.ac-am.fr\/index.php\/le-web-des-radios\/#breadcrumb"},"inLanguage":"fr-FR","potentialAction":[{"@type":"ReadAction","target":["https:\/\/www.ac-am.fr\/index.php\/le-web-des-radios\/"]}]},{"@type":"ImageObject","inLanguage":"fr-FR","@id":"https:\/\/www.ac-am.fr\/index.php\/le-web-des-radios\/#primaryimage","url":"https:\/\/www.ac-am.fr\/wp-content\/uploads\/2015\/09\/barre_mr.gif","contentUrl":"https:\/\/www.ac-am.fr\/wp-content\/uploads\/2015\/09\/barre_mr.gif","width":550,"height":7,"caption":"barre marron"},{"@type":"BreadcrumbList","@id":"https:\/\/www.ac-am.fr\/index.php\/le-web-des-radios\/#breadcrumb","itemListElement":[{"@type":"ListItem","position":1,"name":"Accueil","item":"https:\/\/www.ac-am.fr\/"},{"@type":"ListItem","position":2,"name":"Le Web des Radios."}]},{"@type":"WebSite","@id":"https:\/\/www.ac-am.fr\/#website","url":"https:\/\/www.ac-am.fr\/","name":"Autre Conscience, Autre Monde","description":"","publisher":{"@id":"https:\/\/www.ac-am.fr\/#organization"},"potentialAction":[{"@type":"SearchAction","target":{"@type":"EntryPoint","urlTemplate":"https:\/\/www.ac-am.fr\/?s={search_term_string}"},"query-input":{"@type":"PropertyValueSpecification","valueRequired":true,"valueName":"search_term_string"}}],"inLanguage":"fr-FR"},{"@type":"Organization","@id":"https:\/\/www.ac-am.fr\/#organization","name":"Autre Conscience, Autre Monde","url":"https:\/\/www.ac-am.fr\/","logo":{"@type":"ImageObject","inLanguage":"fr-FR","@id":"https:\/\/www.ac-am.fr\/#\/schema\/logo\/image\/","url":"https:\/\/www.ac-am.fr\/wp-content\/uploads\/2015\/10\/bd_ac_am.gif","contentUrl":"https:\/\/www.ac-am.fr\/wp-content\/uploads\/2015\/10\/bd_ac_am.gif","width":370,"height":65,"caption":"Autre Conscience, Autre Monde"},"image":{"@id":"https:\/\/www.ac-am.fr\/#\/schema\/logo\/image\/"},"sameAs":["https:\/\/fr-fr.facebook.com\/claude.acam\/","https:\/\/www.youtube.com\/user\/consciencemonde"]}]}},"_links":{"self":[{"href":"https:\/\/www.ac-am.fr\/index.php\/wp-json\/wp\/v2\/pages\/1028","targetHints":{"allow":["GET"]}}],"collection":[{"href":"https:\/\/www.ac-am.fr\/index.php\/wp-json\/wp\/v2\/pages"}],"about":[{"href":"https:\/\/www.ac-am.fr\/index.php\/wp-json\/wp\/v2\/types\/page"}],"author":[{"embeddable":true,"href":"https:\/\/www.ac-am.fr\/index.php\/wp-json\/wp\/v2\/users\/1"}],"replies":[{"embeddable":true,"href":"https:\/\/www.ac-am.fr\/index.php\/wp-json\/wp\/v2\/comments?post=1028"}],"version-history":[{"count":17,"href":"https:\/\/www.ac-am.fr\/index.php\/wp-json\/wp\/v2\/pages\/1028\/revisions"}],"predecessor-version":[{"id":4373,"href":"https:\/\/www.ac-am.fr\/index.php\/wp-json\/wp\/v2\/pages\/1028\/revisions\/4373"}],"wp:attachment":[{"href":"https:\/\/www.ac-am.fr\/index.php\/wp-json\/wp\/v2\/media?parent=1028"}],"curies":[{"name":"wp","href":"https:\/\/api.w.org\/{rel}","templated":true}]}}