{"id":1230,"date":"2015-10-24T12:03:18","date_gmt":"2015-10-24T11:03:18","guid":{"rendered":"https:\/\/www.ac-am.fr\/?page_id=1230"},"modified":"2015-10-24T13:37:23","modified_gmt":"2015-10-24T12:37:23","slug":"tome-i-les-larmes-du-terrorisme-tome-ii-lingenierie-de-la-pensee-universelle-tome-iii-construire-une-autre-vie","status":"publish","type":"page","link":"https:\/\/www.ac-am.fr\/index.php\/tome-i-les-larmes-du-terrorisme-tome-ii-lingenierie-de-la-pensee-universelle-tome-iii-construire-une-autre-vie\/","title":{"rendered":"TOME I : LES LARMES DU TERRORISME. &#8211; TOME II : L&rsquo;ING\u00c9NIERIE DE LA PENS\u00c9E UNIVERSELLE. &#8211; TOME III : CONSTRUIRE UNE AUTRE VIE."},"content":{"rendered":"<table class=\"aligncenter\" style=\"width: 580px;\" border=\"0\">\n<tbody>\n<tr>\n<td>\n<table class=\"aligncenter\" style=\"width: 550px;\" border=\"0\">\n<tbody>\n<tr>\n<td class=\"gmoyen\" style=\"text-align: left; vertical-align: middle;\"><a name=\"larmes_terrorisme\"><\/a>&#8211; TOME I : LES LARMES DU TERRORISME.<br \/>\n&#8211; TOME II : L&rsquo;ING\u00c9NIERIE DE LA PENS\u00c9E UNIVERSELLE.<br \/>\n&#8211; TOME III : CONSTRUIRE UNE AUTRE VIE.<\/td>\n<td style=\"vertical-align: middle;\"><img decoding=\"async\" class=\"alignnone\" src=\"http:\/\/www.ac-am.fr\/wp-content\/uploads\/2015\/10\/pegase.gif\" alt=\"\" border=\"0\" \/><\/td>\n<\/tr>\n<\/tbody>\n<\/table>\n<p><img decoding=\"async\" class=\"aligncenter\" src=\"http:\/\/www.ac-am.fr\/wp-content\/uploads\/2015\/09\/barre_mr.gif\" alt=\"\" border=\"0\" \/><\/p>\n<table class=\"aligncenter\" style=\"width: 380px; border: 2px;\" cellpadding=\"2\">\n<tbody>\n<tr>\n<td class=\"gmoyen\" style=\"text-align: center;\">Divers \u00c9crits : 2002 &#8211; 2003 &#8211; 2004<\/td>\n<\/tr>\n<\/tbody>\n<\/table>\n<p><img decoding=\"async\" class=\"aligncenter\" src=\"http:\/\/www.ac-am.fr\/wp-content\/uploads\/2015\/09\/barre_mr.gif\" alt=\"\" border=\"0\" \/><\/p>\n<table class=\"aligncenter\" style=\"width: 550px; border: 0px;\" cellpadding=\"2\">\n<tbody>\n<tr>\n<td class=\"nnormal\" style=\"text-align: left;\"><span style=\"color: #ffffff;\"><u>R\u00e9sum\u00e9<\/u> : <\/span> \u00ab\u00a0Quand l&rsquo;\u00c9l\u00e8ve et le Ma\u00eetre se retrouvent \u00e0 partager, alors l&rsquo;\u00e9volution est remarquable et le d\u00e9lai trop court\u00a0\u00bb. \u00c0 l&rsquo;issue d&rsquo;une p\u00e9riode de cong\u00e9 d\u00e9di\u00e9e \u00e0 la r\u00e9flexion et perturb\u00e9e par les obligations de la vie, voici deux \u00e9crits: (Tome 1) \u00ab\u00a0Les Larmes du Terrorisme&#8230; La Sortie de Secours\u00a0\u00bb<br \/>\n (Tome 2) \u00ab\u00a0L&rsquo;Ing\u00e9nierie de La Pens\u00e9e Universelle\u00a0\u00bb !<\/td>\n<\/tr>\n<tr>\n<td class=\"nnormal\" style=\"text-align: left;\">Notre monde d&rsquo;humains est un syst\u00e8me de hi\u00e9rarchie et de fonctions complexes. Nous connaissons la hi\u00e9rarchie, il nous faut conna\u00eetre la fonction \u00e0 partir de laquelle l&rsquo;homme peut faire dispara\u00eetre la pr\u00e9dation sociale, entrave du bonheur et de la paix..<\/td>\n<\/tr>\n<tr>\n<td class=\"nnormal\" style=\"text-align: left;\">Voil\u00e0 le sujet du Tome 3: \u00ab\u00a0Construire une Autre Vie\u00a0\u00bb<\/td>\n<\/tr>\n<tr>\n<td>\u00a0<\/td>\n<\/tr>\n<tr>\n<td class=\"gpetit\" style=\"text-align: left;\"><img decoding=\"async\" src=\"http:\/\/www.ac-am.fr\/wp-content\/uploads\/2015\/09\/fleche.gif\" alt=\"\" border=\"0\" \/><a href=\"http:\/\/www.ac-am.fr\/wp-content\/pdf\/tome1.pdf\" target=\"_blank\">[tome1.pdf (55 Ko)]<\/a> (<img decoding=\"async\" src=\"http:\/\/www.ac-am.fr\/wp-content\/uploads\/2015\/10\/Adobe_PDF_file_icon_32x32.png\" alt=\"\" border=\"0\" \/><span style=\"color: #ffffdd;\">*<\/span>)<\/td>\n<\/tr>\n<tr>\n<td class=\"gpetit\" style=\"text-align: left;\"><img decoding=\"async\" src=\"http:\/\/www.ac-am.fr\/wp-content\/uploads\/2015\/09\/fleche.gif\" alt=\"\" border=\"0\" \/><a href=\"http:\/\/www.ac-am.fr\/wp-content\/pdf\/tome2.pdf\" target=\"_blank\">[tome2.pdf (68 Ko)]<\/a> (<img decoding=\"async\" src=\"http:\/\/www.ac-am.fr\/wp-content\/uploads\/2015\/10\/Adobe_PDF_file_icon_32x32.png\" alt=\"\" border=\"0\" \/><span style=\"color: #ffffdd;\">*<\/span>)<\/td>\n<\/tr>\n<tr>\n<td class=\"gpetit\" style=\"text-align: left;\"><img decoding=\"async\" src=\"http:\/\/www.ac-am.fr\/wp-content\/uploads\/2015\/09\/fleche.gif\" alt=\"\" border=\"0\" \/><a href=\"http:\/\/www.ac-am.fr\/wp-content\/pdf\/tome3.pdf\" target=\"_blank\">[tome3.pdf (40 Ko)]<\/a> (<img decoding=\"async\" src=\"http:\/\/www.ac-am.fr\/wp-content\/uploads\/2015\/10\/Adobe_PDF_file_icon_32x32.png\" alt=\"\" border=\"0\" \/><span style=\"color: #ffffdd;\">*<\/span>)<\/td>\n<\/tr>\n<tr>\n<td>\u00a0<\/td>\n<\/tr>\n<tr>\n<td class=\"gpetit\" style=\"text-align: center;\"><span style=\"color: #ffffdd;\">* Cliquez sur <span style=\"color: #aadddd;\">tome1.pdf, tome2.pdf ou tome3.pdf.<\/span> Vous pourrez ainsi lire ces textes.<\/span><\/td>\n<\/tr>\n<tr>\n<td style=\"text-align: center;\"><img decoding=\"async\" class=\"aligncenter\" src=\"http:\/\/www.ac-am.fr\/wp-content\/uploads\/2015\/10\/barrebis.jpg\" alt=\"\" border=\"0\" \/><\/p>\n<div><script src=\"http:\/\/counter8.allfreecounter.com\/private\/countertab.js?c=cc2992caa3f4994cb98f2a5eabfa5cec\" type=\"text\/javascript\"><\/script><noscript><a href=\"http:\/\/www.compteurdevisite.com\" title=\"compteur de visite pour site\" \/><img decoding=\"async\" src=\"http:\/\/counter8.allfreecounter.com\/private\/compteurdevisite.php?c=cc2992caa3f4994cb98f2a5eabfa5cec\" border=\"0\" title=\"compteur de visite pour site\" alt=\"compteur de visite pour site\" \/><\/noscript><\/div>\n<p><img decoding=\"async\" src=\"http:\/\/www.ac-am.fr\/wp-content\/uploads\/2015\/10\/bullet_t.gif\" alt=\"\" border=\"0\" \/><\/p>\n<\/td>\n<\/tr>\n<\/tbody>\n<\/table>\n<\/td>\n<\/tr>\n<\/tbody>\n<\/table>\n<div style=\"padding-bottom:20px; padding-top:10px;\" class=\"hupso-share-buttons\"><!-- Hupso Share Buttons - https:\/\/www.hupso.com\/share\/ --><a class=\"hupso_toolbar\" href=\"https:\/\/www.hupso.com\/share\/\"><img decoding=\"async\" src=\"https:\/\/static.hupso.com\/share\/buttons\/lang\/fr\/share.png\" style=\"border:0px; padding-top: 5px; float:left;\" alt=\"Share Button\"\/><\/a><script type=\"text\/javascript\">var hupso_services_t=new Array(\"Twitter\",\"Facebook\",\"Google Plus\");var hupso_background_t=\"#EAF4FF\";var hupso_border_t=\"#66CCFF\";var hupso_toolbar_size_t=\"big\";var hupso_image_folder_url = \"\";var hupso_url_t=\"\";var hupso_title_t=\"TOME%20I%20%3A%20LES%20LARMES%20DU%20TERRORISME.%20-%20TOME%20II%20%3A%20L%27ING%C3%89NIERIE%20DE%20LA%20PENS%C3%89E%20UNIVERSELLE.%20-%20TOME%20III%20%3A%20CONSTRUIRE%20UNE%20AUTRE%20VIE.\";<\/script><script type=\"text\/javascript\" src=\"https:\/\/static.hupso.com\/share\/js\/share_toolbar.js\"><\/script><!-- Hupso Share Buttons --><\/div>","protected":false},"excerpt":{"rendered":"<p>&#8211; TOME I : LES LARMES DU TERRORISME. &#8211; TOME II : L&rsquo;ING\u00c9NIERIE DE LA&#8230;<\/p>\n","protected":false},"author":1,"featured_media":0,"parent":0,"menu_order":0,"comment_status":"closed","ping_status":"closed","template":"ecrits.php","meta":{"footnotes":""},"class_list":["post-1230","page","type-page","status-publish","hentry"],"yoast_head":"<!-- This site is optimized with the Yoast SEO plugin v26.9 - https:\/\/yoast.com\/product\/yoast-seo-wordpress\/ -->\n<title>TOME I : LES LARMES DU TERRORISME. - TOME II : L&#039;ING\u00c9NIERIE DE LA PENS\u00c9E UNIVERSELLE. - TOME III : CONSTRUIRE UNE AUTRE VIE. - Autre Conscience, Autre Monde<\/title>\n<meta name=\"robots\" content=\"index, follow, max-snippet:-1, max-image-preview:large, max-video-preview:-1\" \/>\n<link rel=\"canonical\" href=\"https:\/\/www.ac-am.fr\/index.php\/tome-i-les-larmes-du-terrorisme-tome-ii-lingenierie-de-la-pensee-universelle-tome-iii-construire-une-autre-vie\/\" \/>\n<meta property=\"og:locale\" content=\"fr_FR\" \/>\n<meta property=\"og:type\" content=\"article\" \/>\n<meta property=\"og:title\" content=\"TOME I : LES LARMES DU TERRORISME. - TOME II : L&#039;ING\u00c9NIERIE DE LA PENS\u00c9E UNIVERSELLE. - TOME III : CONSTRUIRE UNE AUTRE VIE. - Autre Conscience, Autre Monde\" \/>\n<meta property=\"og:description\" content=\"&#8211; TOME I : LES LARMES DU TERRORISME. &#8211; TOME II : L&rsquo;ING\u00c9NIERIE DE LA...\" \/>\n<meta property=\"og:url\" content=\"https:\/\/www.ac-am.fr\/index.php\/tome-i-les-larmes-du-terrorisme-tome-ii-lingenierie-de-la-pensee-universelle-tome-iii-construire-une-autre-vie\/\" \/>\n<meta property=\"og:site_name\" content=\"Autre Conscience, Autre Monde\" \/>\n<meta property=\"article:publisher\" content=\"https:\/\/fr-fr.facebook.com\/claude.acam\/\" \/>\n<meta property=\"article:modified_time\" content=\"2015-10-24T12:37:23+00:00\" \/>\n<meta property=\"og:image\" content=\"http:\/\/www.ac-am.fr\/wp-content\/uploads\/2015\/10\/pegase.gif\" \/>\n<meta name=\"twitter:card\" content=\"summary_large_image\" \/>\n<meta name=\"twitter:label1\" content=\"Dur\u00e9e de lecture estim\u00e9e\" \/>\n\t<meta name=\"twitter:data1\" content=\"1 minute\" \/>\n<script type=\"application\/ld+json\" class=\"yoast-schema-graph\">{\"@context\":\"https:\/\/schema.org\",\"@graph\":[{\"@type\":\"WebPage\",\"@id\":\"https:\/\/www.ac-am.fr\/index.php\/tome-i-les-larmes-du-terrorisme-tome-ii-lingenierie-de-la-pensee-universelle-tome-iii-construire-une-autre-vie\/\",\"url\":\"https:\/\/www.ac-am.fr\/index.php\/tome-i-les-larmes-du-terrorisme-tome-ii-lingenierie-de-la-pensee-universelle-tome-iii-construire-une-autre-vie\/\",\"name\":\"TOME I : LES LARMES DU TERRORISME. - TOME II : L'ING\u00c9NIERIE DE LA PENS\u00c9E UNIVERSELLE. - TOME III : CONSTRUIRE UNE AUTRE VIE. - Autre Conscience, Autre Monde\",\"isPartOf\":{\"@id\":\"https:\/\/www.ac-am.fr\/#website\"},\"primaryImageOfPage\":{\"@id\":\"https:\/\/www.ac-am.fr\/index.php\/tome-i-les-larmes-du-terrorisme-tome-ii-lingenierie-de-la-pensee-universelle-tome-iii-construire-une-autre-vie\/#primaryimage\"},\"image\":{\"@id\":\"https:\/\/www.ac-am.fr\/index.php\/tome-i-les-larmes-du-terrorisme-tome-ii-lingenierie-de-la-pensee-universelle-tome-iii-construire-une-autre-vie\/#primaryimage\"},\"thumbnailUrl\":\"http:\/\/www.ac-am.fr\/wp-content\/uploads\/2015\/10\/pegase.gif\",\"datePublished\":\"2015-10-24T11:03:18+00:00\",\"dateModified\":\"2015-10-24T12:37:23+00:00\",\"breadcrumb\":{\"@id\":\"https:\/\/www.ac-am.fr\/index.php\/tome-i-les-larmes-du-terrorisme-tome-ii-lingenierie-de-la-pensee-universelle-tome-iii-construire-une-autre-vie\/#breadcrumb\"},\"inLanguage\":\"fr-FR\",\"potentialAction\":[{\"@type\":\"ReadAction\",\"target\":[\"https:\/\/www.ac-am.fr\/index.php\/tome-i-les-larmes-du-terrorisme-tome-ii-lingenierie-de-la-pensee-universelle-tome-iii-construire-une-autre-vie\/\"]}]},{\"@type\":\"ImageObject\",\"inLanguage\":\"fr-FR\",\"@id\":\"https:\/\/www.ac-am.fr\/index.php\/tome-i-les-larmes-du-terrorisme-tome-ii-lingenierie-de-la-pensee-universelle-tome-iii-construire-une-autre-vie\/#primaryimage\",\"url\":\"https:\/\/www.ac-am.fr\/wp-content\/uploads\/2015\/10\/pegase.gif\",\"contentUrl\":\"https:\/\/www.ac-am.fr\/wp-content\/uploads\/2015\/10\/pegase.gif\",\"width\":150,\"height\":224,\"caption\":\"P\u00e9gase de la petite salle des \u00e9crits\"},{\"@type\":\"BreadcrumbList\",\"@id\":\"https:\/\/www.ac-am.fr\/index.php\/tome-i-les-larmes-du-terrorisme-tome-ii-lingenierie-de-la-pensee-universelle-tome-iii-construire-une-autre-vie\/#breadcrumb\",\"itemListElement\":[{\"@type\":\"ListItem\",\"position\":1,\"name\":\"Accueil\",\"item\":\"https:\/\/www.ac-am.fr\/\"},{\"@type\":\"ListItem\",\"position\":2,\"name\":\"TOME I : LES LARMES DU TERRORISME. &#8211; TOME II : L&rsquo;ING\u00c9NIERIE DE LA PENS\u00c9E UNIVERSELLE. &#8211; TOME III : CONSTRUIRE UNE AUTRE VIE.\"}]},{\"@type\":\"WebSite\",\"@id\":\"https:\/\/www.ac-am.fr\/#website\",\"url\":\"https:\/\/www.ac-am.fr\/\",\"name\":\"Autre Conscience, Autre Monde\",\"description\":\"\",\"publisher\":{\"@id\":\"https:\/\/www.ac-am.fr\/#organization\"},\"potentialAction\":[{\"@type\":\"SearchAction\",\"target\":{\"@type\":\"EntryPoint\",\"urlTemplate\":\"https:\/\/www.ac-am.fr\/?s={search_term_string}\"},\"query-input\":{\"@type\":\"PropertyValueSpecification\",\"valueRequired\":true,\"valueName\":\"search_term_string\"}}],\"inLanguage\":\"fr-FR\"},{\"@type\":\"Organization\",\"@id\":\"https:\/\/www.ac-am.fr\/#organization\",\"name\":\"Autre Conscience, Autre Monde\",\"url\":\"https:\/\/www.ac-am.fr\/\",\"logo\":{\"@type\":\"ImageObject\",\"inLanguage\":\"fr-FR\",\"@id\":\"https:\/\/www.ac-am.fr\/#\/schema\/logo\/image\/\",\"url\":\"https:\/\/www.ac-am.fr\/wp-content\/uploads\/2015\/10\/bd_ac_am.gif\",\"contentUrl\":\"https:\/\/www.ac-am.fr\/wp-content\/uploads\/2015\/10\/bd_ac_am.gif\",\"width\":370,\"height\":65,\"caption\":\"Autre Conscience, Autre Monde\"},\"image\":{\"@id\":\"https:\/\/www.ac-am.fr\/#\/schema\/logo\/image\/\"},\"sameAs\":[\"https:\/\/fr-fr.facebook.com\/claude.acam\/\",\"https:\/\/www.youtube.com\/user\/consciencemonde\"]}]}<\/script>\n<!-- \/ Yoast SEO plugin. -->","yoast_head_json":{"title":"TOME I : LES LARMES DU TERRORISME. - TOME II : L'ING\u00c9NIERIE DE LA PENS\u00c9E UNIVERSELLE. - TOME III : CONSTRUIRE UNE AUTRE VIE. - Autre Conscience, Autre Monde","robots":{"index":"index","follow":"follow","max-snippet":"max-snippet:-1","max-image-preview":"max-image-preview:large","max-video-preview":"max-video-preview:-1"},"canonical":"https:\/\/www.ac-am.fr\/index.php\/tome-i-les-larmes-du-terrorisme-tome-ii-lingenierie-de-la-pensee-universelle-tome-iii-construire-une-autre-vie\/","og_locale":"fr_FR","og_type":"article","og_title":"TOME I : LES LARMES DU TERRORISME. - TOME II : L'ING\u00c9NIERIE DE LA PENS\u00c9E UNIVERSELLE. - TOME III : CONSTRUIRE UNE AUTRE VIE. - Autre Conscience, Autre Monde","og_description":"&#8211; TOME I : LES LARMES DU TERRORISME. &#8211; TOME II : L&rsquo;ING\u00c9NIERIE DE LA...","og_url":"https:\/\/www.ac-am.fr\/index.php\/tome-i-les-larmes-du-terrorisme-tome-ii-lingenierie-de-la-pensee-universelle-tome-iii-construire-une-autre-vie\/","og_site_name":"Autre Conscience, Autre Monde","article_publisher":"https:\/\/fr-fr.facebook.com\/claude.acam\/","article_modified_time":"2015-10-24T12:37:23+00:00","og_image":[{"url":"http:\/\/www.ac-am.fr\/wp-content\/uploads\/2015\/10\/pegase.gif","type":"","width":"","height":""}],"twitter_card":"summary_large_image","twitter_misc":{"Dur\u00e9e de lecture estim\u00e9e":"1 minute"},"schema":{"@context":"https:\/\/schema.org","@graph":[{"@type":"WebPage","@id":"https:\/\/www.ac-am.fr\/index.php\/tome-i-les-larmes-du-terrorisme-tome-ii-lingenierie-de-la-pensee-universelle-tome-iii-construire-une-autre-vie\/","url":"https:\/\/www.ac-am.fr\/index.php\/tome-i-les-larmes-du-terrorisme-tome-ii-lingenierie-de-la-pensee-universelle-tome-iii-construire-une-autre-vie\/","name":"TOME I : LES LARMES DU TERRORISME. - TOME II : L'ING\u00c9NIERIE DE LA PENS\u00c9E UNIVERSELLE. - TOME III : CONSTRUIRE UNE AUTRE VIE. - Autre Conscience, Autre Monde","isPartOf":{"@id":"https:\/\/www.ac-am.fr\/#website"},"primaryImageOfPage":{"@id":"https:\/\/www.ac-am.fr\/index.php\/tome-i-les-larmes-du-terrorisme-tome-ii-lingenierie-de-la-pensee-universelle-tome-iii-construire-une-autre-vie\/#primaryimage"},"image":{"@id":"https:\/\/www.ac-am.fr\/index.php\/tome-i-les-larmes-du-terrorisme-tome-ii-lingenierie-de-la-pensee-universelle-tome-iii-construire-une-autre-vie\/#primaryimage"},"thumbnailUrl":"http:\/\/www.ac-am.fr\/wp-content\/uploads\/2015\/10\/pegase.gif","datePublished":"2015-10-24T11:03:18+00:00","dateModified":"2015-10-24T12:37:23+00:00","breadcrumb":{"@id":"https:\/\/www.ac-am.fr\/index.php\/tome-i-les-larmes-du-terrorisme-tome-ii-lingenierie-de-la-pensee-universelle-tome-iii-construire-une-autre-vie\/#breadcrumb"},"inLanguage":"fr-FR","potentialAction":[{"@type":"ReadAction","target":["https:\/\/www.ac-am.fr\/index.php\/tome-i-les-larmes-du-terrorisme-tome-ii-lingenierie-de-la-pensee-universelle-tome-iii-construire-une-autre-vie\/"]}]},{"@type":"ImageObject","inLanguage":"fr-FR","@id":"https:\/\/www.ac-am.fr\/index.php\/tome-i-les-larmes-du-terrorisme-tome-ii-lingenierie-de-la-pensee-universelle-tome-iii-construire-une-autre-vie\/#primaryimage","url":"https:\/\/www.ac-am.fr\/wp-content\/uploads\/2015\/10\/pegase.gif","contentUrl":"https:\/\/www.ac-am.fr\/wp-content\/uploads\/2015\/10\/pegase.gif","width":150,"height":224,"caption":"P\u00e9gase de la petite salle des \u00e9crits"},{"@type":"BreadcrumbList","@id":"https:\/\/www.ac-am.fr\/index.php\/tome-i-les-larmes-du-terrorisme-tome-ii-lingenierie-de-la-pensee-universelle-tome-iii-construire-une-autre-vie\/#breadcrumb","itemListElement":[{"@type":"ListItem","position":1,"name":"Accueil","item":"https:\/\/www.ac-am.fr\/"},{"@type":"ListItem","position":2,"name":"TOME I : LES LARMES DU TERRORISME. &#8211; TOME II : L&rsquo;ING\u00c9NIERIE DE LA PENS\u00c9E UNIVERSELLE. &#8211; TOME III : CONSTRUIRE UNE AUTRE VIE."}]},{"@type":"WebSite","@id":"https:\/\/www.ac-am.fr\/#website","url":"https:\/\/www.ac-am.fr\/","name":"Autre Conscience, Autre Monde","description":"","publisher":{"@id":"https:\/\/www.ac-am.fr\/#organization"},"potentialAction":[{"@type":"SearchAction","target":{"@type":"EntryPoint","urlTemplate":"https:\/\/www.ac-am.fr\/?s={search_term_string}"},"query-input":{"@type":"PropertyValueSpecification","valueRequired":true,"valueName":"search_term_string"}}],"inLanguage":"fr-FR"},{"@type":"Organization","@id":"https:\/\/www.ac-am.fr\/#organization","name":"Autre Conscience, Autre Monde","url":"https:\/\/www.ac-am.fr\/","logo":{"@type":"ImageObject","inLanguage":"fr-FR","@id":"https:\/\/www.ac-am.fr\/#\/schema\/logo\/image\/","url":"https:\/\/www.ac-am.fr\/wp-content\/uploads\/2015\/10\/bd_ac_am.gif","contentUrl":"https:\/\/www.ac-am.fr\/wp-content\/uploads\/2015\/10\/bd_ac_am.gif","width":370,"height":65,"caption":"Autre Conscience, Autre Monde"},"image":{"@id":"https:\/\/www.ac-am.fr\/#\/schema\/logo\/image\/"},"sameAs":["https:\/\/fr-fr.facebook.com\/claude.acam\/","https:\/\/www.youtube.com\/user\/consciencemonde"]}]}},"_links":{"self":[{"href":"https:\/\/www.ac-am.fr\/index.php\/wp-json\/wp\/v2\/pages\/1230","targetHints":{"allow":["GET"]}}],"collection":[{"href":"https:\/\/www.ac-am.fr\/index.php\/wp-json\/wp\/v2\/pages"}],"about":[{"href":"https:\/\/www.ac-am.fr\/index.php\/wp-json\/wp\/v2\/types\/page"}],"author":[{"embeddable":true,"href":"https:\/\/www.ac-am.fr\/index.php\/wp-json\/wp\/v2\/users\/1"}],"replies":[{"embeddable":true,"href":"https:\/\/www.ac-am.fr\/index.php\/wp-json\/wp\/v2\/comments?post=1230"}],"version-history":[{"count":7,"href":"https:\/\/www.ac-am.fr\/index.php\/wp-json\/wp\/v2\/pages\/1230\/revisions"}],"predecessor-version":[{"id":1248,"href":"https:\/\/www.ac-am.fr\/index.php\/wp-json\/wp\/v2\/pages\/1230\/revisions\/1248"}],"wp:attachment":[{"href":"https:\/\/www.ac-am.fr\/index.php\/wp-json\/wp\/v2\/media?parent=1230"}],"curies":[{"name":"wp","href":"https:\/\/api.w.org\/{rel}","templated":true}]}}