{"id":167,"date":"2015-09-22T19:02:55","date_gmt":"2015-09-22T18:02:55","guid":{"rendered":"https:\/\/www.ac-am.fr\/?page_id=167"},"modified":"2025-07-08T21:19:03","modified_gmt":"2025-07-08T20:19:03","slug":"lhomme-face-aux-3-regnes-et-aux-energies","status":"publish","type":"page","link":"https:\/\/www.ac-am.fr\/index.php\/lhomme-face-aux-3-regnes-et-aux-energies\/","title":{"rendered":"L\u2019Homme face aux 3 R\u00c8GNES et aux \u00c9NERGIES"},"content":{"rendered":"<div style=\"background-image: url(\/wp-content\/uploads\/2015\/09\/fond_3re.jpg); background-attachment: fixed; border: 2px solid #000000; border-radius: 20px; opacity: 0.90;\">\n\n\n<figure class=\"wp-block-image aligncenter is-resized\"><img decoding=\"async\" src=\"https:\/\/www.ac-am.fr\/wp-content\/uploads\/2015\/09\/barre_vt.gif\" alt=\"\" style=\"width:550px\"\/><\/figure>\n\n\n\n<figure class=\"wp-block-image aligncenter\"><img decoding=\"async\" src=\"https:\/\/www.ac-am.fr\/wp-content\/uploads\/2015\/09\/titre_3R.gif\" alt=\"\"\/><\/figure>\n\n\n\n<figure class=\"wp-block-image aligncenter\"><img decoding=\"async\" src=\"https:\/\/www.ac-am.fr\/wp-content\/uploads\/2015\/09\/barre_vt.gif\" alt=\"\"\/><\/figure>\n\n\n\n<div class=\"wp-block-group is-content-justification-center is-nowrap is-layout-flex wp-container-core-group-is-layout-23441af8 wp-block-group-is-layout-flex\">\n<figure class=\"wp-block-image size-full\"><a href=\"https:\/\/www.ac-am.fr\/wp-content\/uploads\/2015\/09\/maj1.gif\"><img loading=\"lazy\" decoding=\"async\" width=\"107\" height=\"65\" src=\"https:\/\/www.ac-am.fr\/wp-content\/uploads\/2015\/09\/maj1.gif\" alt=\"maj accueil\" class=\"wp-image-140\"\/><\/a><\/figure>\n\n\n\n<p class=\"has-white-color has-text-color has-link-color wp-elements-1edb3857ee69b09f09de59509b30009b\">[Mise \u00e0 jour le 08\/07\/2025]<\/p>\n\n\n\n<figure class=\"wp-block-image size-full\"><a href=\"https:\/\/www.ac-am.fr\/wp-content\/uploads\/2015\/09\/symbole2.gif\"><img loading=\"lazy\" decoding=\"async\" width=\"100\" height=\"132\" src=\"https:\/\/www.ac-am.fr\/wp-content\/uploads\/2015\/09\/symbole2.gif\" alt=\"symbole homme femme cr\u00e9ation extraterrestre\" class=\"wp-image-176\"\/><\/a><\/figure>\n<\/div>\n\n\n\n<figure class=\"wp-block-image aligncenter\"><img decoding=\"async\" src=\"https:\/\/www.ac-am.fr\/wp-content\/uploads\/2015\/09\/barre_vt.gif\" alt=\"\"\/><\/figure>\n\n\n\n<p><span class=\"nnormal\"><img decoding=\"async\" src=\"https:\/\/www.ac-am.fr\/wp-content\/uploads\/2015\/09\/balle02.gif\" alt=\"\" align=\"left\" border=\"0\" hspace=\"5\"><span style=\"color: #fff524;\">Notre lien aux 3 R\u00e8gnes et aux \u00c9nergies est aussi l&rsquo;un des grands myst\u00e8res de notre vie&#8230; Le contact que l&rsquo;on peut avoir avec la \u00ab\u00a0cr\u00e9ation\u00a0\u00bb, les animaux, les plantes ou le min\u00e9ral&#8230; peuvent nous am\u00e9liorer ou nous changer radicalement la vie. \u00c9crivez-moi&#8230; Vous laisserez ainsi votre r\u00e9flexion et d&rsquo;autres visiteurs verront qu&rsquo;ils ne sont pas seuls \u00e0 vivre ces exp\u00e9riences&#8230;<\/span><\/span><\/p>\n\n\n\n<figure class=\"wp-block-image aligncenter\"><img decoding=\"async\" src=\"https:\/\/www.ac-am.fr\/wp-content\/uploads\/2015\/09\/barre_vt.gif\" alt=\"\"\/><\/figure>\n\n\n\n<p class=\"has-text-align-center has-white-color has-text-color has-link-color wp-elements-2b226f48834bbe912f1c65d1d4c99aa2\"><span class=\"nnormal\"><a href=\"https:\/\/www.ac-am.fr\/index.php\/contact-acam\/\" target=\"_self\"><img decoding=\"async\" src=\"https:\/\/www.ac-am.fr\/wp-content\/uploads\/2015\/09\/email.gif\" alt=\"\" border=\"2\"><\/a> Messages et \u00c9crits&#8230; [\u00c0 vos claviers]<\/span><\/p>\n\n\n\n<p class=\"has-text-align-center\"><a href=\"https:\/\/www.ac-am.fr\/\" target=\"_top\"><img decoding=\"async\" src=\"https:\/\/www.ac-am.fr\/wp-content\/uploads\/2015\/09\/accueil.jpg\" alt=\"\" border=\"0\"><\/a><\/p>\n\n\n\n<figure class=\"wp-block-image aligncenter\"><img decoding=\"async\" src=\"https:\/\/www.ac-am.fr\/wp-content\/uploads\/2015\/09\/barre_vt.gif\" alt=\"\"\/><\/figure>\n<div style=\"padding-bottom:20px; padding-top:10px;\" class=\"hupso-share-buttons\"><!-- Hupso Share Buttons - https:\/\/www.hupso.com\/share\/ --><a class=\"hupso_toolbar\" href=\"https:\/\/www.hupso.com\/share\/\"><img decoding=\"async\" src=\"https:\/\/static.hupso.com\/share\/buttons\/lang\/fr\/share.png\" style=\"border:0px; padding-top: 5px; float:left;\" alt=\"Share Button\"\/><\/a><script type=\"text\/javascript\">var hupso_services_t=new Array(\"Twitter\",\"Facebook\",\"Google Plus\");var hupso_background_t=\"#EAF4FF\";var hupso_border_t=\"#66CCFF\";var hupso_toolbar_size_t=\"big\";var hupso_image_folder_url = \"\";var hupso_url_t=\"\";var hupso_title_t=\"L%E2%80%99Homme%20face%20aux%203%20R%C3%88GNES%20et%20aux%20%C3%89NERGIES\";<\/script><script type=\"text\/javascript\" src=\"https:\/\/static.hupso.com\/share\/js\/share_toolbar.js\"><\/script><!-- Hupso Share Buttons --><\/div>","protected":false},"excerpt":{"rendered":"<p>[Mise \u00e0 jour le 08\/07\/2025] Notre lien aux 3 R\u00e8gnes et aux \u00c9nergies est aussi&#8230;<\/p>\n","protected":false},"author":1,"featured_media":0,"parent":0,"menu_order":0,"comment_status":"open","ping_status":"closed","template":"","meta":{"footnotes":""},"class_list":["post-167","page","type-page","status-publish","hentry"],"yoast_head":"<!-- This site is optimized with the Yoast SEO plugin v26.9 - https:\/\/yoast.com\/product\/yoast-seo-wordpress\/ -->\n<title>L\u2019Homme face aux 3 R\u00c8GNES et aux \u00c9NERGIES - Autre Conscience, Autre Monde<\/title>\n<meta name=\"description\" content=\"Notre lien aux 3 R\u00e8gnes et aux \u00c9nergies est aussi l&#039;un des grands myst\u00e8res de notre vie... Le contact que l&#039;on peut avoir avec la &quot;cr\u00e9ation&quot;\" \/>\n<meta name=\"robots\" content=\"index, follow, max-snippet:-1, max-image-preview:large, max-video-preview:-1\" \/>\n<link rel=\"canonical\" href=\"https:\/\/www.ac-am.fr\/index.php\/lhomme-face-aux-3-regnes-et-aux-energies\/\" \/>\n<meta property=\"og:locale\" content=\"fr_FR\" \/>\n<meta property=\"og:type\" content=\"article\" \/>\n<meta property=\"og:title\" content=\"L\u2019Homme face aux 3 R\u00c8GNES et aux \u00c9NERGIES - Autre Conscience, Autre Monde\" \/>\n<meta property=\"og:description\" content=\"Notre lien aux 3 R\u00e8gnes et aux \u00c9nergies est aussi l&#039;un des grands myst\u00e8res de notre vie... Le contact que l&#039;on peut avoir avec la &quot;cr\u00e9ation&quot;\" \/>\n<meta property=\"og:url\" content=\"https:\/\/www.ac-am.fr\/index.php\/lhomme-face-aux-3-regnes-et-aux-energies\/\" \/>\n<meta property=\"og:site_name\" content=\"Autre Conscience, Autre Monde\" \/>\n<meta property=\"article:publisher\" content=\"https:\/\/fr-fr.facebook.com\/claude.acam\/\" \/>\n<meta property=\"article:modified_time\" content=\"2025-07-08T20:19:03+00:00\" \/>\n<meta property=\"og:image\" content=\"https:\/\/www.ac-am.fr\/wp-content\/uploads\/2015\/09\/barre_vt.gif\" \/>\n<meta name=\"twitter:card\" content=\"summary_large_image\" \/>\n<meta name=\"twitter:label1\" content=\"Dur\u00e9e de lecture estim\u00e9e\" \/>\n\t<meta name=\"twitter:data1\" content=\"3 minutes\" \/>\n<script type=\"application\/ld+json\" class=\"yoast-schema-graph\">{\"@context\":\"https:\/\/schema.org\",\"@graph\":[{\"@type\":\"WebPage\",\"@id\":\"https:\/\/www.ac-am.fr\/index.php\/lhomme-face-aux-3-regnes-et-aux-energies\/\",\"url\":\"https:\/\/www.ac-am.fr\/index.php\/lhomme-face-aux-3-regnes-et-aux-energies\/\",\"name\":\"L\u2019Homme face aux 3 R\u00c8GNES et aux \u00c9NERGIES - Autre Conscience, Autre Monde\",\"isPartOf\":{\"@id\":\"https:\/\/www.ac-am.fr\/#website\"},\"primaryImageOfPage\":{\"@id\":\"https:\/\/www.ac-am.fr\/index.php\/lhomme-face-aux-3-regnes-et-aux-energies\/#primaryimage\"},\"image\":{\"@id\":\"https:\/\/www.ac-am.fr\/index.php\/lhomme-face-aux-3-regnes-et-aux-energies\/#primaryimage\"},\"thumbnailUrl\":\"https:\/\/www.ac-am.fr\/wp-content\/uploads\/2015\/09\/barre_vt.gif\",\"datePublished\":\"2015-09-22T18:02:55+00:00\",\"dateModified\":\"2025-07-08T20:19:03+00:00\",\"description\":\"Notre lien aux 3 R\u00e8gnes et aux \u00c9nergies est aussi l'un des grands myst\u00e8res de notre vie... Le contact que l'on peut avoir avec la \\\"cr\u00e9ation\\\"\",\"breadcrumb\":{\"@id\":\"https:\/\/www.ac-am.fr\/index.php\/lhomme-face-aux-3-regnes-et-aux-energies\/#breadcrumb\"},\"inLanguage\":\"fr-FR\",\"potentialAction\":[{\"@type\":\"ReadAction\",\"target\":[\"https:\/\/www.ac-am.fr\/index.php\/lhomme-face-aux-3-regnes-et-aux-energies\/\"]}]},{\"@type\":\"ImageObject\",\"inLanguage\":\"fr-FR\",\"@id\":\"https:\/\/www.ac-am.fr\/index.php\/lhomme-face-aux-3-regnes-et-aux-energies\/#primaryimage\",\"url\":\"https:\/\/www.ac-am.fr\/wp-content\/uploads\/2015\/09\/barre_vt.gif\",\"contentUrl\":\"https:\/\/www.ac-am.fr\/wp-content\/uploads\/2015\/09\/barre_vt.gif\",\"width\":550,\"height\":7,\"caption\":\"Barre verte\"},{\"@type\":\"BreadcrumbList\",\"@id\":\"https:\/\/www.ac-am.fr\/index.php\/lhomme-face-aux-3-regnes-et-aux-energies\/#breadcrumb\",\"itemListElement\":[{\"@type\":\"ListItem\",\"position\":1,\"name\":\"Accueil\",\"item\":\"https:\/\/www.ac-am.fr\/\"},{\"@type\":\"ListItem\",\"position\":2,\"name\":\"L\u2019Homme face aux 3 R\u00c8GNES et aux \u00c9NERGIES\"}]},{\"@type\":\"WebSite\",\"@id\":\"https:\/\/www.ac-am.fr\/#website\",\"url\":\"https:\/\/www.ac-am.fr\/\",\"name\":\"Autre Conscience, Autre Monde\",\"description\":\"\",\"publisher\":{\"@id\":\"https:\/\/www.ac-am.fr\/#organization\"},\"potentialAction\":[{\"@type\":\"SearchAction\",\"target\":{\"@type\":\"EntryPoint\",\"urlTemplate\":\"https:\/\/www.ac-am.fr\/?s={search_term_string}\"},\"query-input\":{\"@type\":\"PropertyValueSpecification\",\"valueRequired\":true,\"valueName\":\"search_term_string\"}}],\"inLanguage\":\"fr-FR\"},{\"@type\":\"Organization\",\"@id\":\"https:\/\/www.ac-am.fr\/#organization\",\"name\":\"Autre Conscience, Autre Monde\",\"url\":\"https:\/\/www.ac-am.fr\/\",\"logo\":{\"@type\":\"ImageObject\",\"inLanguage\":\"fr-FR\",\"@id\":\"https:\/\/www.ac-am.fr\/#\/schema\/logo\/image\/\",\"url\":\"https:\/\/www.ac-am.fr\/wp-content\/uploads\/2015\/10\/bd_ac_am.gif\",\"contentUrl\":\"https:\/\/www.ac-am.fr\/wp-content\/uploads\/2015\/10\/bd_ac_am.gif\",\"width\":370,\"height\":65,\"caption\":\"Autre Conscience, Autre Monde\"},\"image\":{\"@id\":\"https:\/\/www.ac-am.fr\/#\/schema\/logo\/image\/\"},\"sameAs\":[\"https:\/\/fr-fr.facebook.com\/claude.acam\/\",\"https:\/\/www.youtube.com\/user\/consciencemonde\"]}]}<\/script>\n<!-- \/ Yoast SEO plugin. -->","yoast_head_json":{"title":"L\u2019Homme face aux 3 R\u00c8GNES et aux \u00c9NERGIES - Autre Conscience, Autre Monde","description":"Notre lien aux 3 R\u00e8gnes et aux \u00c9nergies est aussi l'un des grands myst\u00e8res de notre vie... Le contact que l'on peut avoir avec la \"cr\u00e9ation\"","robots":{"index":"index","follow":"follow","max-snippet":"max-snippet:-1","max-image-preview":"max-image-preview:large","max-video-preview":"max-video-preview:-1"},"canonical":"https:\/\/www.ac-am.fr\/index.php\/lhomme-face-aux-3-regnes-et-aux-energies\/","og_locale":"fr_FR","og_type":"article","og_title":"L\u2019Homme face aux 3 R\u00c8GNES et aux \u00c9NERGIES - Autre Conscience, Autre Monde","og_description":"Notre lien aux 3 R\u00e8gnes et aux \u00c9nergies est aussi l'un des grands myst\u00e8res de notre vie... Le contact que l'on peut avoir avec la \"cr\u00e9ation\"","og_url":"https:\/\/www.ac-am.fr\/index.php\/lhomme-face-aux-3-regnes-et-aux-energies\/","og_site_name":"Autre Conscience, Autre Monde","article_publisher":"https:\/\/fr-fr.facebook.com\/claude.acam\/","article_modified_time":"2025-07-08T20:19:03+00:00","og_image":[{"url":"https:\/\/www.ac-am.fr\/wp-content\/uploads\/2015\/09\/barre_vt.gif","type":"","width":"","height":""}],"twitter_card":"summary_large_image","twitter_misc":{"Dur\u00e9e de lecture estim\u00e9e":"3 minutes"},"schema":{"@context":"https:\/\/schema.org","@graph":[{"@type":"WebPage","@id":"https:\/\/www.ac-am.fr\/index.php\/lhomme-face-aux-3-regnes-et-aux-energies\/","url":"https:\/\/www.ac-am.fr\/index.php\/lhomme-face-aux-3-regnes-et-aux-energies\/","name":"L\u2019Homme face aux 3 R\u00c8GNES et aux \u00c9NERGIES - Autre Conscience, Autre Monde","isPartOf":{"@id":"https:\/\/www.ac-am.fr\/#website"},"primaryImageOfPage":{"@id":"https:\/\/www.ac-am.fr\/index.php\/lhomme-face-aux-3-regnes-et-aux-energies\/#primaryimage"},"image":{"@id":"https:\/\/www.ac-am.fr\/index.php\/lhomme-face-aux-3-regnes-et-aux-energies\/#primaryimage"},"thumbnailUrl":"https:\/\/www.ac-am.fr\/wp-content\/uploads\/2015\/09\/barre_vt.gif","datePublished":"2015-09-22T18:02:55+00:00","dateModified":"2025-07-08T20:19:03+00:00","description":"Notre lien aux 3 R\u00e8gnes et aux \u00c9nergies est aussi l'un des grands myst\u00e8res de notre vie... Le contact que l'on peut avoir avec la \"cr\u00e9ation\"","breadcrumb":{"@id":"https:\/\/www.ac-am.fr\/index.php\/lhomme-face-aux-3-regnes-et-aux-energies\/#breadcrumb"},"inLanguage":"fr-FR","potentialAction":[{"@type":"ReadAction","target":["https:\/\/www.ac-am.fr\/index.php\/lhomme-face-aux-3-regnes-et-aux-energies\/"]}]},{"@type":"ImageObject","inLanguage":"fr-FR","@id":"https:\/\/www.ac-am.fr\/index.php\/lhomme-face-aux-3-regnes-et-aux-energies\/#primaryimage","url":"https:\/\/www.ac-am.fr\/wp-content\/uploads\/2015\/09\/barre_vt.gif","contentUrl":"https:\/\/www.ac-am.fr\/wp-content\/uploads\/2015\/09\/barre_vt.gif","width":550,"height":7,"caption":"Barre verte"},{"@type":"BreadcrumbList","@id":"https:\/\/www.ac-am.fr\/index.php\/lhomme-face-aux-3-regnes-et-aux-energies\/#breadcrumb","itemListElement":[{"@type":"ListItem","position":1,"name":"Accueil","item":"https:\/\/www.ac-am.fr\/"},{"@type":"ListItem","position":2,"name":"L\u2019Homme face aux 3 R\u00c8GNES et aux \u00c9NERGIES"}]},{"@type":"WebSite","@id":"https:\/\/www.ac-am.fr\/#website","url":"https:\/\/www.ac-am.fr\/","name":"Autre Conscience, Autre Monde","description":"","publisher":{"@id":"https:\/\/www.ac-am.fr\/#organization"},"potentialAction":[{"@type":"SearchAction","target":{"@type":"EntryPoint","urlTemplate":"https:\/\/www.ac-am.fr\/?s={search_term_string}"},"query-input":{"@type":"PropertyValueSpecification","valueRequired":true,"valueName":"search_term_string"}}],"inLanguage":"fr-FR"},{"@type":"Organization","@id":"https:\/\/www.ac-am.fr\/#organization","name":"Autre Conscience, Autre Monde","url":"https:\/\/www.ac-am.fr\/","logo":{"@type":"ImageObject","inLanguage":"fr-FR","@id":"https:\/\/www.ac-am.fr\/#\/schema\/logo\/image\/","url":"https:\/\/www.ac-am.fr\/wp-content\/uploads\/2015\/10\/bd_ac_am.gif","contentUrl":"https:\/\/www.ac-am.fr\/wp-content\/uploads\/2015\/10\/bd_ac_am.gif","width":370,"height":65,"caption":"Autre Conscience, Autre Monde"},"image":{"@id":"https:\/\/www.ac-am.fr\/#\/schema\/logo\/image\/"},"sameAs":["https:\/\/fr-fr.facebook.com\/claude.acam\/","https:\/\/www.youtube.com\/user\/consciencemonde"]}]}},"_links":{"self":[{"href":"https:\/\/www.ac-am.fr\/index.php\/wp-json\/wp\/v2\/pages\/167","targetHints":{"allow":["GET"]}}],"collection":[{"href":"https:\/\/www.ac-am.fr\/index.php\/wp-json\/wp\/v2\/pages"}],"about":[{"href":"https:\/\/www.ac-am.fr\/index.php\/wp-json\/wp\/v2\/types\/page"}],"author":[{"embeddable":true,"href":"https:\/\/www.ac-am.fr\/index.php\/wp-json\/wp\/v2\/users\/1"}],"replies":[{"embeddable":true,"href":"https:\/\/www.ac-am.fr\/index.php\/wp-json\/wp\/v2\/comments?post=167"}],"version-history":[{"count":49,"href":"https:\/\/www.ac-am.fr\/index.php\/wp-json\/wp\/v2\/pages\/167\/revisions"}],"predecessor-version":[{"id":4733,"href":"https:\/\/www.ac-am.fr\/index.php\/wp-json\/wp\/v2\/pages\/167\/revisions\/4733"}],"wp:attachment":[{"href":"https:\/\/www.ac-am.fr\/index.php\/wp-json\/wp\/v2\/media?parent=167"}],"curies":[{"name":"wp","href":"https:\/\/api.w.org\/{rel}","templated":true}]}}