{"id":2,"date":"2015-09-14T22:56:54","date_gmt":"2015-09-14T21:56:54","guid":{"rendered":"https:\/\/www.ac-am.fr\/?page_id=2"},"modified":"2026-02-17T18:03:56","modified_gmt":"2026-02-17T17:03:56","slug":"2-2","status":"publish","type":"page","link":"https:\/\/www.ac-am.fr\/","title":{"rendered":"Autre Conscience, Autre Monde"},"content":{"rendered":"<div style=\"background-color: #a56e8d; background-image: url('\/wp-content\/uploads\/2015\/12\/aurore-3360x2100.jpg'); border-radius: 20px;\" align=\"center\">\n<p>&nbsp;<\/p>\n<table style=\"text-align: left; color: #ffffff; background-color: #a56e8d; border: 2px solid #593200;\">\n<tbody>\n<tr>\n<td><\/td>\n<\/tr>\n<tr>\n<td>Chers toutes et tous,<\/p>\n<p>Nous vivons une \u00e9poque de transformation plan\u00e9taire sans pr\u00e9c\u00e9dent. Les d\u00e9fis environnementaux, sociaux et technologiques que nous rencontrons aujourd&rsquo;hui n\u00e9cessitent une action collective et une vision partag\u00e9e pour un avenir durable et \u00e9quitable.<\/p>\n<p>Contrairement \u00e0 ce que l&rsquo;on vous fait croire, ce n&rsquo;est pas un d\u00e9r\u00e8glement climatique mais une mutation. Notre syst\u00e8me solaire est sous l&rsquo;influence d&rsquo;\u00e9nergies, de vibrations inimaginables qui le pr\u00e9pare \u00e0 un nouveau cycle, une \u00e9l\u00e9vation, une ascension.<\/p>\n<p>Beaucoup d&rsquo;entre-vous dans le monde, vous qui \u00eates hypersensibles ressentez cela. Aucun humain, je dis bien aucun humain ne pourra arr\u00eater cette \u00e9volution. Nous sommes dans la p\u00e9riode de l&rsquo;apocalypse qui ne signifie pas \u00ab\u00a0destruction\u00a0\u00bb mais \u00ab\u00a0r\u00e9v\u00e9lation\u00a0\u00bb.<\/p>\n<p>C&rsquo;est donc pour cette raison que je mets mon site \u00e0 niveau pour une accessibilit\u00e9 sur les smartphones et les tablettes. Les transferts d&rsquo;informations et les changements vont se faire en douceur entre visibilit\u00e9 et maintenance.<\/p>\n<p>Bien \u00e0 vous<br \/>\nClaude<\/td>\n<\/tr>\n<\/tbody>\n<\/table>\n<table style=\"background-color: #a56e8d; border: 2px solid #593200;\" cellspacing=\"0\" cellpadding=\"2\">\n<tbody>\n<tr>\n<td class=\"searchcapt\" style=\"text-align: left;\"><img decoding=\"async\" src=\"\/wp-content\/uploads\/2015\/09\/fleche.gif\" alt=\"\" border=\"0\" hspace=\"20\" \/><\/td>\n<td><span class=\"gpetit\" style=\"vertical-align: middle;\"><span style=\"color: #ffffff;\">Site cr\u00e9\u00e9 en octobre 1995 par Claude b. \u00a9 1995-2026<\/span><\/span><\/td>\n<\/tr>\n<\/tbody>\n<\/table>\n<table class=\"aligncenter\" style=\"width: 480px;\" border=\"0\">\n<tbody>\n<\/tbody>\n<\/table>\n\n\n<figure class=\"wp-block-image aligncenter size-full\"><a href=\"https:\/\/www.ac-am.fr\/wp-content\/uploads\/2017\/10\/is-be_corps_biologique.png\"><img loading=\"lazy\" decoding=\"async\" width=\"500\" height=\"440\" src=\"https:\/\/www.ac-am.fr\/wp-content\/uploads\/2017\/10\/is-be_corps_biologique.png\" alt=\"\" class=\"wp-image-4124\" srcset=\"https:\/\/www.ac-am.fr\/wp-content\/uploads\/2017\/10\/is-be_corps_biologique.png 500w, https:\/\/www.ac-am.fr\/wp-content\/uploads\/2017\/10\/is-be_corps_biologique-300x264.png 300w\" sizes=\"auto, (max-width: 500px) 100vw, 500px\" \/><\/a><\/figure>\n\n\n<table style=\"background-color: #a56e8d; border: 2px solid #593200;\" cellspacing=\"0\" cellpadding=\"2\">\n<tbody>\n<tr>\n<td class=\"searchcapt\" style=\"text-align: left;\"><img decoding=\"async\" src=\"\/wp-content\/uploads\/2015\/09\/fleche.gif\" alt=\"\" border=\"0\" hspace=\"20\" \/><\/td>\n<td><span class=\"gpetit\" style=\"vertical-align: middle;\"><span style=\"color: #ffffff;\">Mise \u00e0 jour le 17\/02\/2026<\/span><\/span><\/td>\n<\/tr>\n<\/tbody>\n<\/table><div style=\"padding-bottom:20px; padding-top:10px;\" class=\"hupso-share-buttons\"><!-- Hupso Share Buttons - https:\/\/www.hupso.com\/share\/ --><a class=\"hupso_toolbar\" href=\"https:\/\/www.hupso.com\/share\/\"><img decoding=\"async\" src=\"https:\/\/static.hupso.com\/share\/buttons\/lang\/fr\/share.png\" style=\"border:0px; padding-top: 5px; float:left;\" alt=\"Share Button\"\/><\/a><script type=\"text\/javascript\">var hupso_services_t=new Array(\"Twitter\",\"Facebook\",\"Google Plus\");var hupso_background_t=\"#EAF4FF\";var hupso_border_t=\"#66CCFF\";var hupso_toolbar_size_t=\"big\";var hupso_image_folder_url = \"\";var hupso_url_t=\"\";var hupso_title_t=\"Autre%20Conscience%2C%20Autre%20Monde\";<\/script><script type=\"text\/javascript\" src=\"https:\/\/static.hupso.com\/share\/js\/share_toolbar.js\"><\/script><!-- Hupso Share Buttons --><\/div>","protected":false},"excerpt":{"rendered":"<p>&nbsp; Chers toutes et tous, Nous vivons une \u00e9poque de transformation plan\u00e9taire sans pr\u00e9c\u00e9dent. Les&#8230;<\/p>\n","protected":false},"author":2,"featured_media":0,"parent":0,"menu_order":0,"comment_status":"closed","ping_status":"open","template":"","meta":{"footnotes":""},"class_list":["post-2","page","type-page","status-publish","hentry"],"yoast_head":"<!-- This site is optimized with the Yoast SEO plugin v26.9 - https:\/\/yoast.com\/product\/yoast-seo-wordpress\/ -->\n<title>Autre Conscience, Autre Monde - Autre Conscience, Autre Monde<\/title>\n<meta name=\"description\" content=\"Ce site est une modeste invitation \u00e0 parcourir le chemin de la r\u00e9flexion... Qui ne s&#039;est pas pos\u00e9 des questions sur sa vie m\u00e9taphysique?\" \/>\n<meta name=\"robots\" content=\"index, follow, max-snippet:-1, max-image-preview:large, max-video-preview:-1\" \/>\n<link rel=\"canonical\" href=\"https:\/\/www.ac-am.fr\/\" \/>\n<meta property=\"og:locale\" content=\"fr_FR\" \/>\n<meta property=\"og:type\" content=\"article\" \/>\n<meta property=\"og:title\" content=\"Autre Conscience, Autre Monde - Autre Conscience, Autre Monde\" \/>\n<meta property=\"og:description\" content=\"Ce site est une modeste invitation \u00e0 parcourir le chemin de la r\u00e9flexion... Qui ne s&#039;est pas pos\u00e9 des questions sur sa vie m\u00e9taphysique?\" \/>\n<meta property=\"og:url\" content=\"https:\/\/www.ac-am.fr\/\" \/>\n<meta property=\"og:site_name\" content=\"Autre Conscience, Autre Monde\" \/>\n<meta property=\"article:publisher\" content=\"https:\/\/fr-fr.facebook.com\/claude.acam\/\" \/>\n<meta property=\"article:modified_time\" content=\"2026-02-17T17:03:56+00:00\" \/>\n<meta property=\"og:image\" content=\"https:\/\/www.ac-am.fr\/wp-content\/uploads\/2017\/10\/is-be_corps_biologique.png\" \/>\n<meta name=\"twitter:card\" content=\"summary_large_image\" \/>\n<meta name=\"twitter:label1\" content=\"Dur\u00e9e de lecture estim\u00e9e\" \/>\n\t<meta name=\"twitter:data1\" content=\"2 minutes\" \/>\n<script type=\"application\/ld+json\" class=\"yoast-schema-graph\">{\"@context\":\"https:\/\/schema.org\",\"@graph\":[{\"@type\":\"WebPage\",\"@id\":\"https:\/\/www.ac-am.fr\/\",\"url\":\"https:\/\/www.ac-am.fr\/\",\"name\":\"Autre Conscience, Autre Monde - Autre Conscience, Autre Monde\",\"isPartOf\":{\"@id\":\"https:\/\/www.ac-am.fr\/#website\"},\"primaryImageOfPage\":{\"@id\":\"https:\/\/www.ac-am.fr\/#primaryimage\"},\"image\":{\"@id\":\"https:\/\/www.ac-am.fr\/#primaryimage\"},\"thumbnailUrl\":\"https:\/\/www.ac-am.fr\/wp-content\/uploads\/2017\/10\/is-be_corps_biologique.png\",\"datePublished\":\"2015-09-14T21:56:54+00:00\",\"dateModified\":\"2026-02-17T17:03:56+00:00\",\"description\":\"Ce site est une modeste invitation \u00e0 parcourir le chemin de la r\u00e9flexion... Qui ne s'est pas pos\u00e9 des questions sur sa vie m\u00e9taphysique?\",\"breadcrumb\":{\"@id\":\"https:\/\/www.ac-am.fr\/#breadcrumb\"},\"inLanguage\":\"fr-FR\",\"potentialAction\":[{\"@type\":\"ReadAction\",\"target\":[\"https:\/\/www.ac-am.fr\/\"]}]},{\"@type\":\"ImageObject\",\"inLanguage\":\"fr-FR\",\"@id\":\"https:\/\/www.ac-am.fr\/#primaryimage\",\"url\":\"https:\/\/www.ac-am.fr\/wp-content\/uploads\/2017\/10\/is-be_corps_biologique.png\",\"contentUrl\":\"https:\/\/www.ac-am.fr\/wp-content\/uploads\/2017\/10\/is-be_corps_biologique.png\"},{\"@type\":\"BreadcrumbList\",\"@id\":\"https:\/\/www.ac-am.fr\/#breadcrumb\",\"itemListElement\":[{\"@type\":\"ListItem\",\"position\":1,\"name\":\"Accueil\",\"item\":\"https:\/\/www.ac-am.fr\/\"},{\"@type\":\"ListItem\",\"position\":2,\"name\":\"Autre Conscience, Autre Monde\"}]},{\"@type\":\"WebSite\",\"@id\":\"https:\/\/www.ac-am.fr\/#website\",\"url\":\"https:\/\/www.ac-am.fr\/\",\"name\":\"Autre Conscience, Autre Monde\",\"description\":\"\",\"publisher\":{\"@id\":\"https:\/\/www.ac-am.fr\/#organization\"},\"potentialAction\":[{\"@type\":\"SearchAction\",\"target\":{\"@type\":\"EntryPoint\",\"urlTemplate\":\"https:\/\/www.ac-am.fr\/?s={search_term_string}\"},\"query-input\":{\"@type\":\"PropertyValueSpecification\",\"valueRequired\":true,\"valueName\":\"search_term_string\"}}],\"inLanguage\":\"fr-FR\"},{\"@type\":\"Organization\",\"@id\":\"https:\/\/www.ac-am.fr\/#organization\",\"name\":\"Autre Conscience, Autre Monde\",\"url\":\"https:\/\/www.ac-am.fr\/\",\"logo\":{\"@type\":\"ImageObject\",\"inLanguage\":\"fr-FR\",\"@id\":\"https:\/\/www.ac-am.fr\/#\/schema\/logo\/image\/\",\"url\":\"https:\/\/www.ac-am.fr\/wp-content\/uploads\/2015\/10\/bd_ac_am.gif\",\"contentUrl\":\"https:\/\/www.ac-am.fr\/wp-content\/uploads\/2015\/10\/bd_ac_am.gif\",\"width\":370,\"height\":65,\"caption\":\"Autre Conscience, Autre Monde\"},\"image\":{\"@id\":\"https:\/\/www.ac-am.fr\/#\/schema\/logo\/image\/\"},\"sameAs\":[\"https:\/\/fr-fr.facebook.com\/claude.acam\/\",\"https:\/\/www.youtube.com\/user\/consciencemonde\"]}]}<\/script>\n<!-- \/ Yoast SEO plugin. -->","yoast_head_json":{"title":"Autre Conscience, Autre Monde - Autre Conscience, Autre Monde","description":"Ce site est une modeste invitation \u00e0 parcourir le chemin de la r\u00e9flexion... Qui ne s'est pas pos\u00e9 des questions sur sa vie m\u00e9taphysique?","robots":{"index":"index","follow":"follow","max-snippet":"max-snippet:-1","max-image-preview":"max-image-preview:large","max-video-preview":"max-video-preview:-1"},"canonical":"https:\/\/www.ac-am.fr\/","og_locale":"fr_FR","og_type":"article","og_title":"Autre Conscience, Autre Monde - Autre Conscience, Autre Monde","og_description":"Ce site est une modeste invitation \u00e0 parcourir le chemin de la r\u00e9flexion... Qui ne s'est pas pos\u00e9 des questions sur sa vie m\u00e9taphysique?","og_url":"https:\/\/www.ac-am.fr\/","og_site_name":"Autre Conscience, Autre Monde","article_publisher":"https:\/\/fr-fr.facebook.com\/claude.acam\/","article_modified_time":"2026-02-17T17:03:56+00:00","og_image":[{"url":"https:\/\/www.ac-am.fr\/wp-content\/uploads\/2017\/10\/is-be_corps_biologique.png","type":"","width":"","height":""}],"twitter_card":"summary_large_image","twitter_misc":{"Dur\u00e9e de lecture estim\u00e9e":"2 minutes"},"schema":{"@context":"https:\/\/schema.org","@graph":[{"@type":"WebPage","@id":"https:\/\/www.ac-am.fr\/","url":"https:\/\/www.ac-am.fr\/","name":"Autre Conscience, Autre Monde - Autre Conscience, Autre Monde","isPartOf":{"@id":"https:\/\/www.ac-am.fr\/#website"},"primaryImageOfPage":{"@id":"https:\/\/www.ac-am.fr\/#primaryimage"},"image":{"@id":"https:\/\/www.ac-am.fr\/#primaryimage"},"thumbnailUrl":"https:\/\/www.ac-am.fr\/wp-content\/uploads\/2017\/10\/is-be_corps_biologique.png","datePublished":"2015-09-14T21:56:54+00:00","dateModified":"2026-02-17T17:03:56+00:00","description":"Ce site est une modeste invitation \u00e0 parcourir le chemin de la r\u00e9flexion... Qui ne s'est pas pos\u00e9 des questions sur sa vie m\u00e9taphysique?","breadcrumb":{"@id":"https:\/\/www.ac-am.fr\/#breadcrumb"},"inLanguage":"fr-FR","potentialAction":[{"@type":"ReadAction","target":["https:\/\/www.ac-am.fr\/"]}]},{"@type":"ImageObject","inLanguage":"fr-FR","@id":"https:\/\/www.ac-am.fr\/#primaryimage","url":"https:\/\/www.ac-am.fr\/wp-content\/uploads\/2017\/10\/is-be_corps_biologique.png","contentUrl":"https:\/\/www.ac-am.fr\/wp-content\/uploads\/2017\/10\/is-be_corps_biologique.png"},{"@type":"BreadcrumbList","@id":"https:\/\/www.ac-am.fr\/#breadcrumb","itemListElement":[{"@type":"ListItem","position":1,"name":"Accueil","item":"https:\/\/www.ac-am.fr\/"},{"@type":"ListItem","position":2,"name":"Autre Conscience, Autre Monde"}]},{"@type":"WebSite","@id":"https:\/\/www.ac-am.fr\/#website","url":"https:\/\/www.ac-am.fr\/","name":"Autre Conscience, Autre Monde","description":"","publisher":{"@id":"https:\/\/www.ac-am.fr\/#organization"},"potentialAction":[{"@type":"SearchAction","target":{"@type":"EntryPoint","urlTemplate":"https:\/\/www.ac-am.fr\/?s={search_term_string}"},"query-input":{"@type":"PropertyValueSpecification","valueRequired":true,"valueName":"search_term_string"}}],"inLanguage":"fr-FR"},{"@type":"Organization","@id":"https:\/\/www.ac-am.fr\/#organization","name":"Autre Conscience, Autre Monde","url":"https:\/\/www.ac-am.fr\/","logo":{"@type":"ImageObject","inLanguage":"fr-FR","@id":"https:\/\/www.ac-am.fr\/#\/schema\/logo\/image\/","url":"https:\/\/www.ac-am.fr\/wp-content\/uploads\/2015\/10\/bd_ac_am.gif","contentUrl":"https:\/\/www.ac-am.fr\/wp-content\/uploads\/2015\/10\/bd_ac_am.gif","width":370,"height":65,"caption":"Autre Conscience, Autre Monde"},"image":{"@id":"https:\/\/www.ac-am.fr\/#\/schema\/logo\/image\/"},"sameAs":["https:\/\/fr-fr.facebook.com\/claude.acam\/","https:\/\/www.youtube.com\/user\/consciencemonde"]}]}},"_links":{"self":[{"href":"https:\/\/www.ac-am.fr\/index.php\/wp-json\/wp\/v2\/pages\/2","targetHints":{"allow":["GET"]}}],"collection":[{"href":"https:\/\/www.ac-am.fr\/index.php\/wp-json\/wp\/v2\/pages"}],"about":[{"href":"https:\/\/www.ac-am.fr\/index.php\/wp-json\/wp\/v2\/types\/page"}],"author":[{"embeddable":true,"href":"https:\/\/www.ac-am.fr\/index.php\/wp-json\/wp\/v2\/users\/2"}],"replies":[{"embeddable":true,"href":"https:\/\/www.ac-am.fr\/index.php\/wp-json\/wp\/v2\/comments?post=2"}],"version-history":[{"count":78,"href":"https:\/\/www.ac-am.fr\/index.php\/wp-json\/wp\/v2\/pages\/2\/revisions"}],"predecessor-version":[{"id":5397,"href":"https:\/\/www.ac-am.fr\/index.php\/wp-json\/wp\/v2\/pages\/2\/revisions\/5397"}],"wp:attachment":[{"href":"https:\/\/www.ac-am.fr\/index.php\/wp-json\/wp\/v2\/media?parent=2"}],"curies":[{"name":"wp","href":"https:\/\/api.w.org\/{rel}","templated":true}]}}